pose 4*p = -4*s + 12, 6*s - 3*s = 5*p + 9. Suppose -220 = 5*l - p*l. What is the tens digit of 4 + 1316/22 + (-8)/l?
6
Let q = 10428 - 6307. What is the units digit of q?
1
Let y(q) = q**3 + q**2 - 97*q - 21. What is the units digit of y(20)?
9
Let b be 1147*16/(-26) + 4/(-26). Let d be ((-10)/65 - b/26) + -3. Suppose 11*z + 1690 = d*z. What is the tens digit of z?
3
Let l be (0 - -7)/(-1) + 39. Suppose -4015 = l*i - 22447. What is the tens digit of i?
7
Let v(y) = -y**3 - 9*y**2 - y - 6. Let a be v(-9). Let r = a - 8. Let m(s) = 2*s**2 + 3*s - 6. What is the units digit of m(r)?
9
Suppose a - 308 = -i + 4*a, 859 = 3*i + 4*a. Let t be 15/18*(-702)/60*-20. Let j = i - t. What is the units digit of j?
8
Suppose -j + 4*r = -7, 2*j = 5*r + 16 - 5. Suppose y - 3 + 6 = -5*a, -j = -a + y. Suppose 3*g - 273 = -a*g. What is the units digit of g?
1
Suppose 0 = -3*g - 12, 4*o - 9*g - 56510 - 73794 = 0. What is the tens digit of o?
6
Let c = -233 + 211. Let g = c - -387. What is the units digit of g?
5
Let m(i) be the third derivative of -i**6/120 - 7*i**5/60 - 3*i**4/4 - 5*i**3/2 - 11*i**2. Let v be m(-7). Let u = 229 - v. What is the tens digit of u?
1
Let r(h) be the third derivative of 29*h**5/60 + h**4/24 + h**3 + 13*h**2. Let x be r(-2). Suppose 0 = 5*a + k - x, 3*k = 2 + 13. What is the tens digit of a?
2
Let o = -18504 + 30891. What is the units digit of o?
7
Let c(s) = s + 17. Let n be c(-12). Suppose -n*b + 2*b = -3*d, d = 2*b - 4. Suppose 280 = 3*o - t, -b*t = -o + 127 - 41. What is the units digit of o?
4
Suppose 2*g - 9*q - 15966 = -10*q, -4*q + 8004 = g. What is the hundreds digit of g?
9
Suppose -131*x + 134*x - 7472 = -o, 14948 = 2*o + 4*x. What is the hundreds digit of o?
4
Suppose 3*y = 4*d - 177 - 4, -5*y - 293 = 2*d. Let s = y + -134. What is the units digit of -3 + (0 + 4 - (s + -5))?
9
Let o(i) = 12*i - 32. Let f = -90 - -93. Let w(q) = -q + 1. Let l(n) = f*o(n) + 24*w(n). What is the tens digit of l(21)?
8
Let b = 124 + -325. Let n = b + 307. What is the tens digit of n?
0
Let n = -19990 + 21894. What is the hundreds digit of n?
9
Suppose 2*m - 2*q = 3*m - 1, 0 = q + 2. What is the units digit of m + -4*3/(-4)?
8
Suppose 2224 = 5*b - 4*u, 2*b + 4*u - 426 = 458. What is the tens digit of b?
4
Let z(j) be the second derivative of j**4/12 + 7*j**3/6 + 6*j**2 + 16*j. Let m be z(-7). What is the units digit of m/(-3 + (-94)/(-30))?
0
Let m(n) be the first derivative of 113*n**2/2 - 29*n + 55. What is the tens digit of m(4)?
2
Let j(q) = -q - 1. Suppose 0 = 5*t + 20, 0*t - t + 50 = 3*h. Let w(a) = 24*a + 18. Let k(g) = h*j(g) + w(g). What is the tens digit of k(4)?
2
Let l = -23 - -26. Let u(t) = 9*t - 19. Let n be u(l). Let s(d) = 3*d**2 - 11*d + 9. What is the units digit of s(n)?
3
Suppose -16*m = -17*m + 835. Suppose 11*v - 5*s = 8*v + m, -4*s = -16. What is the units digit of v?
5
What is the units digit of (326/4)/(19/(502 - 8))?
9
Suppose 13803 + 16877 = 13*b. What is the thousands digit of b?
2
Let o = 399 - 397. Suppose 5*q - 4*c = 3398, -o*c + 15 = 3*c. What is the hundreds digit of q?
6
Let l(r) = 2 - 8 + 15*r - 2 - 4. Let n be l(10). Suppose k = 5*b - 380, 4*k - n - 113 = -3*b. What is the units digit of b?
7
Let f(u) = -u**3 - 14*u**2 - 58*u + 21. What is the hundreds digit of f(-15)?
1
Suppose -7*j = 160 + 246. Let q = j - -59. What is the units digit of (q*42)/(9/42)?
6
Let p(w) = 1723*w + 384. What is the units digit of p(3)?
3
Let d = 19039 + -9405. What is the hundreds digit of d?
6
Let c = -13 + 15. Suppose c*w - 4*x = 318, w - 4*x - 190 + 41 = 0. What is the units digit of -12 + w - (-1 + 1 + 0)?
7
Suppose 5*m + 78*r - 5 = 83*r, -m + 10 = -4*r. Let p be 2/6 + (-107)/(-3). Let t = p + m. What is the units digit of t?
4
Let d be 2 - -2 - (1 - 0). Let u(o) = 2*o**2 + 91*o + 132. Let q be u(-44). Suppose d*x + 3*a - 384 = q, -x + 521 = 3*x - 5*a. What is the units digit of x?
9
Let d(i) = i**2 + 68*i + 58. Let j(o) = 2*o**2 + 68*o + 57. Let p(k) = -5*d(k) + 4*j(k). What is the hundreds digit of p(29)?
4
Suppose 48 - 558 = -17*v. Suppose -v + 933 = 7*i. What is the units digit of i?
9
Suppose 5*r - 35011 = f, -9*f = 5*r - 12*f - 35013. What is the units digit of r?
2
Suppose 22*c = 23*c + 110. Let b = 237 + c. What is the tens digit of b?
2
Suppose l = -3*l - 2*k + 102, -5*l - 4*k = -132. Suppose 3*v - v = n - l, v - 4*n = -26. What is the units digit of 6*(-2)/(-3)*v/(-20)?
2
Let i be 255/(55/10 + -4). Let u = 324 - i. Let n = -65 + u. What is the tens digit of n?
8
Let b be (-327 + 9)*66/9. What is the hundreds digit of (b/11)/((-2)/5)?
5
Let q(g) = -56*g + 54. Let v be q(-2). Let k = 417 - v. What is the hundreds digit of k?
2
What is the thousands digit of 1/(-1 + 4 - 10432992/3477696)?
6
Let j be (8/(1/1 - 3))/(-1). Let q be (-340)/102*(-6)/j. Suppose 0 = 3*t - 4*z - 208, 3*t = -2*t + q*z + 340. What is the units digit of t?
4
Suppose -3*q + 7*q = -112. Let i = -26 - q. Suppose -3*c + 500 = i*c. What is the hundreds digit of c?
1
Let t(p) = -2*p**2 + 6*p + 952*p**3 - 4*p + 2*p + 1 - 2*p. What is the units digit of t(1)?
3
Suppose 2*y = -3 + 11, 4*b = 3*y. Suppose 0 = 4*u + 5*c - 1639, -b*c + 8*c + 2015 = 5*u. What is the tens digit of u?
0
Let l = -436 + 4041. What is the tens digit of l?
0
Let i = 45342 - 18617. What is the hundreds digit of i?
7
What is the hundreds digit of (183/(-2))/3*(-28272)/93?
2
Suppose 0 = -34*y - 41346 - 3364. What is the units digit of ((-90)/(-50))/(((-12)/y)/4)?
9
Let y(g) = g**2 - 18*g + 5. Let r be y(11). Let b = 186 + r. What is the hundreds digit of b?
1
Suppose -y = -4*m + 5, 5*m - y + 6*y - 25 = 0. Suppose m*g - 3 = 3. Suppose -2*i + 4*i - g*t = 58, -3*i + 81 = -3*t. What is the tens digit of i?
2
Let a = 173 - 64. Suppose -l = 4*p + 36, -2*p - 103 - 55 = 4*l. Let z = a - l. What is the hundreds digit of z?
1
Let l(x) = 8596*x - 1846. What is the tens digit of l(5)?
3
Let i(w) be the first derivative of -3*w**4/8 - w**3 - w**2 + 9. Let v(d) be the second derivative of i(d). What is the tens digit of v(-8)?
6
Let d = -25 - -30. Suppose -2*a - r + 66 = 7, 3*a - 56 = d*r. What is the tens digit of (-3)/2*(-1602)/a?
8
Let k(l) = -6184*l - 2385. What is the thousands digit of k(-5)?
8
Suppose 17 = 2*a + 5*j - 2*j, 0 = 4*a + 2*j - 14. Let g be a + ((-105)/10)/((-3)/20). Suppose 256 = 4*f - z + 3*z, g = f + 4*z. What is the tens digit of f?
6
Suppose 184 = -2*n - c - 30, 5*c + 20 = 0. What is the units digit of (520/12)/((-7)/n)?
0
Let u(q) = 749*q**3 + 18*q**2 - 4*q - 1. What is the tens digit of u(3)?
7
Let q = -18459 + 18461. Suppose 5*i + 403 - 1423 = 0. Suppose 4*m + 4*p = i, -3*p = -3*m + q*m + 55. What is the tens digit of m?
5
Let m(w) = -w**3 - 18*w**2 - 31*w + 22. Let t be m(-16). Let z(l) = l**2 - 8*l + 13. Let v be z(t). What is the units digit of -1*v*-1 - (-61 + -21)?
3
Let d(l) = 44*l**2 + 14*l + 5. Let h be d(-8). Suppose -5*r - h = -12*r. What is the tens digit of r?
8
Let h(z) be the first derivative of 11*z**2/2 + 3*z + 3. Let j be ((-30)/7)/(2 + (-93)/42). What is the units digit of h(j)?
3
Let l = 15555 + -8478. What is the hundreds digit of l?
0
Let k(v) be the second derivative of 91*v**5/20 - v**4/12 - v**3/6 + v**2/2 + 31*v. Let n be 12/15 + (-3)/(-15). What is the units digit of k(n)?
0
Let d be -1 + 0 + 7 + 728. Suppose -2*n = 3*v - 0*n - d, -v - 5*n = -262. What is the units digit of v?
2
Let r(u) = 1721*u**2 - 1346*u - 14. What is the ten thousands digit of r(-6)?
7
Let t be 168/(-21)*(-1 - (-14)/4). Let y = 23 + t. Suppose -y*h + 6*h = 345. What is the hundreds digit of h?
1
Let i be 1*1266/(-9)*3. Let k = -48 - i. What is the hundreds digit of k?
3
Let d be 3/5 + (-44622)/(-30). Suppose d = 15*q - 9*q. What is the hundreds digit of q?
2
Let s = -212 - -99. Suppose 3*i + 230 = 5*h, -5*i = -h + 188 + 210. Let z = i - s. What is the units digit of z?
3
Let g(z) = z**3 + 15*z**2 - 16*z + 36. What is the hundreds digit of g(12)?
7
What is the units digit of (-3)/((-36)/88176) - 7/((-21)/(-12))?
4
Let a be 4 + ((-40)/8 - (1 - 4)). Suppose a*i = b - 701, -3*b - 3*i = -0*b - 2148. What is the hundreds digit of b?
7
Let u(l) = -2*l + 60. Let b be u(28). Suppose -b*a + 6*a - 230 = 0. What is the hundreds digit of a?
1
Suppose -27 = -c - 22. Let i(p) = 7*p + 30. Le